23
What is 12 (base 5) in base 15?
7
What is 7 (base 15) in base 11?
7
16 (base 13) to base 15
14
What is -b5 (base 13) in base 12?
-104
-4 (base 15) to base 16
-4
What is -336 (base 9) in base 13?
-183
What is -1011 (base 3) in base 15?
-21
What is 4 (base 8) in base 4?
10
What is -1 (base 4) in base 7?
-1
What is 3 (base 13) in base 12?
3
Convert -43 (base 5) to base 15.
-18
-4 (base 8) to base 10
-4
bc (base 15) to base 4
2301
Convert 0 (base 12) to base 7.
0
What is 111 (base 2) in base 16?
7
Convert 1111000 (base 2) to base 12.
a0
38 (base 13) to base 15
32
What is -c2 (base 14) in base 7?
-332
What is -1 (base 14) in base 3?
-1
47 (base 10) to base 2
101111
Convert 111110 (base 2) to base 10.
62
7 (base 16) to base 12
7
Convert 7 (base 10) to base 13.
7
What is 1 (base 11) in base 13?
1
-13 (base 8) to base 14
-b
10112 (base 3) to base 13
74
Convert -4 (base 13) to base 4.
-10
-1 (base 11) to base 9
-1
What is -2013 (base 4) in base 6?
-343
Convert 3 (base 8) to base 14.
3
Convert -42 (base 5) to base 11.
-20
What is 14 (base 6) in base 5?
20
What is -23 (base 16) in base 4?
-203
What is 3 (base 6) in base 4?
3
Convert -a9 (base 13) to base 6.
-351
Convert 3 (base 12) to base 13.
3
Convert -10 (base 13) to base 3.
-111
What is 10 (base 4) in base 5?
4
-1d (base 14) to base 4
-123
What is 10c (base 13) in base 14?
cd
What is 37 (base 10) in base 2?
100101
1d (base 16) to base 3
1002
What is -22 (base 13) in base 3?
-1001
-28 (base 12) to base 5
-112
Convert -1 (base 13) to base 12.
-1
Convert ac (base 14) to base 10.
152
54 (base 8) to base 6
112
What is bb (base 16) in base 8?
273
What is -10110101 (base 2) in base 3?
-20201
What is -3 (base 16) in base 15?
-3
What is 2030 (base 4) in base 10?
140
What is 2 (base 9) in base 12?
2
Convert 11 (base 8) to base 14.
9
-10 (base 7) to base 12
-7
What is 0 (base 8) in base 16?
0
8 (base 16) to base 15
8
-12 (base 4) to base 8
-6
Convert 9e (base 16) to base 10.
158
What is 1 (base 8) in base 14?
1
What is b2 (base 14) in base 3?
12210
What is -2 (base 13) in base 2?
-10
37 (base 8) to base 10
31
What is 7 (base 13) in base 3?
21
What is 323 (base 4) in base 9?
65
What is 21 (base 10) in base 2?
10101
What is -14 (base 11) in base 2?
-1111
Convert -3 (base 12) to base 6.
-3
-6 (base 14) to base 12
-6
120 (base 3) to base 16
f
Convert 5 (base 12) to base 6.
5
20 (base 6) to base 11
11
What is -17 (base 16) in base 15?
-18
Convert 6d (base 16) to base 13.
85
Convert -321 (base 8) to base 10.
-209
What is -11 (base 10) in base 14?
-b
What is 100 (base 2) in base 15?
4
Convert 1a (base 11) to base 7.
30
What is -70 (base 9) in base 10?
-63
-7 (base 12) to base 13
-7
Convert -b (base 14) to base 11.
-10
Convert -4 (base 10) to base 8.
-4
-10c (base 16) to base 8
-414
What is -10 (base 11) in base 12?
-b
What is 4 (base 16) in base 14?
4
Convert -2 (base 11) to base 7.
-2
1000 (base 2) to base 7
11
What is -1 (base 7) in base 12?
-1
-101 (base 5) to base 16
-1a
What is 211 (base 5) in base 6?
132
-e (base 16) to base 10
-14
What is -2 (base 10) in base 2?
-10
-1 (base 4) to base 16
-1
Convert -15 (base 13) to base 5.
-33
Convert 40 (base 9) to base 13.
2a
14 (base 5) to base 14
9
What is -1 (base 5) in base 16?
-1
12 (base 3) to base 16
5
Convert -133 (base 11) to base 15.
-a7
What is -202 (base 3) in base 2?
-10100
What is 2 (base 10) in base 13?
2
-3 (base 11) to base 3
-10
Convert -300 (base 7) to base 4.
-2103
Convert 1a (base 13) to base 10.
23
1 (base 4) to base 10
1
Convert b (base 14) to base 9.
12
Convert 220 (base 4) to base 16.
28
What is 3 (base 16) in base 7?
3
1 (base 8) to base 15
1
Convert 23 (base 13) to base 14.
21
What is -355 (base 7) in base 11?
-160
What is -164 (base 9) in base 10?
-139
What is 21 (base 13) in base 16?
1b
45 (base 9) to base 16
29
What is 147 (base 12) in base 16?
c7
33 (base 14) to base 4
231
What is 4 (base 16) in base 10?
4
What is -102 (base 11) in base 14?
-8b
What is 1001101 (base 2) in base 16?
4d
Convert 4 (base 11) to base 10.
4
120 (base 4) to base 7
33
3 (base 4) to base 2
11
-125 (base 6) to base 14
-3b
68 (base 11) to base 12
62
-2d (base 14) to base 16
-29
-b2 (base 13) to base 16
-91
What is -b (base 14) in base 4?
-23
345 (base 8) to base 7
445
What is -53 (base 11) in base 8?
-72
120 (base 7) to base 15
43
Convert -315 (base 6) to base 10.
-119
Convert 94 (base 16) to base 10.
148
16 (base 10) to base 2
10000
Convert 1010 (base 2) to base 6.
14
What is 10 (base 5) in base 4?
11
What is 2 (base 5) in base 2?
10
What is 31 (base 5) in base 13?
13
Convert 8 (base 16) to base 4.
20
What is -203 (base 5) in base 7?
-104
Convert 11 (base 2) to base 6.
3
7 (base 10) to base 14
7
-1 (base 12) to base 4
-1
Convert 1 (base 15) to base 13.
1
Convert -30 (base 4) to base 5.
-22
44 (base 8) to base 5
121
What is -27 (base 9) in base 13?
-1c
1000 (base 2) to base 11
8
Convert 31 (base 5) to base 6.
24
What is 10 (base 15) in base 11?
14
What is 168 (base 15) in base 2?
101000011
What is -100000 (base 2) in base 11?
-2a
What is 1 (base 6) in base 11?
1
What is 0 (base 10) in base 5?
0
Convert 267 (base 8) to base 3.
20210
Convert 5 (base 10) to base 2.
101
-2111 (base 3) to base 12
-57
Convert -3 (base 8) to base 12.
-3
Convert 3 (base 12) to base 5.
3
What is 5 (base 12) in base 14?
5
What is -100 (base 2) in base 15?
-4
1a (base 15) to base 13
1c
What is -33 (base 7) in base 10?
-24
Convert -73 (base 14) to base 8.
-145
Convert 2 (base 13) to base 2.
10
Convert -6 (base 10) to base 11.
-6
What is -3 (base 12) in base 11?
-3
Convert 221 (base 7) to base 5.
423
1143 (base 5) to base 3
20102
192 (base 10) to base 3
21010
What is 2 (base 7) in base 9?
2
174 (base 12) to base 15
107
2 (base 4) to base 11
2
What is 111 (base 4) in base 2?
10101
Convert -100 (base 2) to base 9.
-4
121 (base 4) to base 11
23
What is 20 (base 13) in base 9?
28
Convert -7 (base 16) to base 5.
-12
Convert -1 (base 11) to base 7.
-1
What is -127 (base 9) in base 12?
-8a
10 (base 9) to base 4
21
-3 (base 5) to base 13
-3
What is 17 (base 9) in base 13?
13
-11 (base 7) to base 11
-8
-3 (base 4) to base 14
-3
-1120 (base 3) to base 5
-132
What is -1002 (base 3) in base 8?
-35
-4 (base 11) to base 12
-4
322 (base 4) to base 10
58
What is -33 (base 7) in base 11?
-22
0 (base 10) to base 14
0
-9 (base 14) to base 5
-14
-2 (base 11) to base 5
-2
-3 (base 7) to base 8
-3
What is -213 (base 5) in base 2?
-111010
Convert -2 (base 6) to base 7.
-2
21100 (base 3) to base 12
146
What is 36 (base 9) in base 6?
53
What is 2e (base 15) in base 6?
112
Convert 10 (base 13) to base 7.
16
-44 (base 7) to base 8
-40
Convert 2 (base 10) to base 12.
2
What is -2 (base 8) in base 16?
-2
-5 (base 16) to base 11
-5
-20 (base 3) to base 12
-6
What is 230 (base 5) in base 15?
45
-6 (base 12) to base 13
-6
Convert -1 (base 9) to base 4.
-1
What is 141 (base 9) in base 12?
9a
11010 (base 2) to base 14
1c
Convert -24 (base 7) to base 13.
-15
-10e (base 15) to base 5
-1424
Convert -101100 (base 2) to base 14.
-32
-8 (base 16) to base 5
-13
What is -3 (base 8) in base 13?
-3
4 (base 5) to base 4
10
What is -79 (base 13) in base 4?
-1210
Convert -211 (base 7) to base 16.
-6a
What is -210 (base 10) in base 3?
-21210
What is -104 (base 9) in base 13?
-67
Convert -25 (base 6) to base 14.
-13
What is 5 (base 16) in base 10?
5
61 (base 16) to base 4
1201
What is 4e (base 16) in base 8?
116
What is -10 (base 13) in base 7?
-16
8 (base 9) to base 5
13
6 (base 10) to base 6
10
Convert 112 (base 5) to base 8.
40
What is 28 (base 15) in base 10?
38
What is 33 (base 11) in base 10?
36
10100001 (base 2) to base 15
ab
Convert -7 (base 15) to base 2.
-111
2 (base 8) to base 5
2
What is 22 (base 11) in base 6?
40
-114 (base 8) to base 5
-301
Convert -12 (base 14) to base 16.
-10
What is -100000 (base 2) in base 3?
-1012
4b (base 12) to base 4
323
Convert -11010000 (base 2) to base 9.
-251
11 (base 6) to base 10
7
What is 14 (base 7) in base 16?
b
Convert -5 (base 14) to base 11.
-5
Convert -1001 (base 3) to base 11.
-26
What is 4 (base 15) in base 16?
4
110101 (base 2) to base 5
203
Convert 4b (base 14) to base 12.
57
Convert -a7 (base 15) to base 5.
-1112
What is -7 (base 11) in base 12?
-7
What is 421 (base 5) in base 2?
110111